se 4*k + 0*k = g. Calculate the highest common divisor of k and j.
11
Suppose 0 = f - 0 + 2. Let q be (1/(-2))/(f/16). Suppose 0*p = -i - 3*p + 57, -3*i = q*p - 196. Calculate the highest common divisor of 9 and i.
9
Let g be (2 + -4 - 0) + 10. Let x(b) = -6*b**3 + 2*b**2 + b + 2. Let o be x(-2). What is the highest common factor of o and g?
8
Suppose 0 = 2*p - 68 - 52. Suppose v - 6 - p = 0. What is the greatest common divisor of v and 6?
6
Let z(o) = -o - o - o + 2*o + 2. Let q be z(-4). What is the greatest common factor of 15 and q?
3
Suppose 0 = -5*q - 0*q + 75. Suppose -w + 4*f = 313, 0 = 5*w - 4*f - 871 + 2500. Let r = 464 + w. What is the greatest common divisor of q and r?
15
Let o(w) = -9*w - 24. Let h be o(-6). Calculate the highest common divisor of 40 and h.
10
Let v = 80 - 56. What is the highest common divisor of v and 24?
24
Let f = 21 + -7. Suppose 43 + 41 = 6*r. What is the highest common factor of f and r?
14
Let n = -28 + 48. Let a be (-129)/(-12) - 15/n. Calculate the greatest common divisor of 10 and a.
10
Let v = 145 + -92. What is the greatest common divisor of 53 and v?
53
Suppose -8*s = -310 - 74. Calculate the highest common factor of s and 12.
12
Suppose -l + 67 = -28. Calculate the highest common factor of l and 5.
5
Let j(r) = -10*r - 20. Let c be j(-5). What is the highest common divisor of 20 and c?
10
Let a be (-140)/(-2)*24/28. What is the greatest common factor of a and 12?
12
Let h = 17 - 11. Let l(u) = u**3 + 3*u**2 + 2*u + 3. Suppose 7 = -4*s + 2*s + 3*n, -s - 5*n = -3. Let x be l(s). Calculate the highest common factor of x and h.
3
Let d = 347 - 242. Calculate the highest common factor of d and 70.
35
Suppose 2*n - h - 4 = 0, 6*h = -3*n + h + 19. What is the highest common factor of 3 and n?
3
Suppose -8 - 4 = -2*i. Suppose i*z - z = 150. Let r = -13 - -33. What is the greatest common divisor of z and r?
10
Let c = 25 - 9. What is the greatest common divisor of 16 and c?
16
Let q = -213 + 219. Suppose l = 6*l + 50. Let f = l + 58. What is the greatest common divisor of q and f?
6
Suppose -9*u + 5*u = 52. Let p(q) = q + 23. Let m be p(u). Calculate the greatest common factor of 30 and m.
10
Let o be (22/3)/(1/(-33)). Let y = o + 342. Let l(v) = -2*v + 6. Let m be l(-2). Calculate the greatest common divisor of m and y.
10
Let d = -42 + 58. What is the greatest common factor of 16 and d?
16
Let j(u) = u**3 - 4*u**2 + 4*u + 3. Let t be 16/10*25/10. Let n be j(t). Calculate the greatest common divisor of n and 133.
19
Suppose 26 = 3*h - 79. What is the greatest common factor of h and 7?
7
Suppose 7*d - 10 = 53. Let q be ((-32)/1)/(1 - 2). Let i = -23 + q. Calculate the greatest common factor of d and i.
9
Suppose -4*l - 3*y + 14 = -0, 5*l + 2*y - 14 = 0. Suppose -l*d = 66 - 332. Let s = d + -85. Calculate the greatest common divisor of 16 and s.
16
Suppose -5 - 11 = -w - 4*f, -5 = -5*f. Calculate the greatest common factor of 12 and w.
12
Let a be -2 + -1*50/(-1). Suppose -5*x + a = -27. Calculate the greatest common factor of 120 and x.
15
Suppose 0 = 5*b - 19 - 21. Suppose -3*l - 2*h = -2*l - 90, -2*h - 262 = -3*l. Calculate the highest common divisor of b and l.
8
Let r(t) = 19*t**2 + t + 1. Let h be r(-1). Suppose 0 = 2*v - n - 12, -4*v + 29 + h = 4*n. What is the highest common divisor of v and 40?
8
Suppose 29*x - 31*x + 4 = 0. What is the greatest common factor of x and 10?
2
Let f(c) = c**3 + 2*c**2 - 10*c - 6. Suppose 0 = 4*o + 6 + 10. Let t be f(o). Let p be (-1)/(10/(-4) + 2). What is the highest common factor of t and p?
2
Suppose 0 = -3*g + 5*k + 72, 5*g - 130 = -0*g + 5*k. Suppose -r + 91 = -26. Let p = r - g. Calculate the highest common divisor of 11 and p.
11
Let l(h) = h + 2. Let r be l(0). Suppose r*b = -2*b + 420. Calculate the highest common factor of 42 and b.
21
Let z be 2/(-3) - 88/(-6). Let f be (-39)/3*3*-1. Suppose -a + 4*m + 7 = -19, -f = -3*a - m. Calculate the highest common divisor of a and z.
14
Let i(h) = 2*h**2 - 3*h - 5. Let j be i(8). Calculate the highest common divisor of 11 and j.
11
Suppose 2*g + 0 = -5*p + 34, 0 = -5*p - 5*g + 40. Suppose -2*n + p*n = 48. What is the greatest common divisor of 4 and n?
4
Let p = -6 + 12. Suppose 103 = 3*g + t, t - p = 4*t. Suppose -y = -2*h + 23, 0*h + 11 = -h + 5*y. Calculate the greatest common divisor of g and h.
7
Suppose -5*x = -32 - 8. What is the greatest common factor of x and 8?
8
Let l = -5 + 10. Suppose 4*v = b + 83, 0 = -5*v + 2*v - 2*b + 54. Calculate the highest common factor of l and v.
5
Suppose -4*v - 5 = -17. Let f be v/9 - 5/(-3). What is the highest common factor of 22 and f?
2
Let y(c) = c + 5. Let z be y(-4). Let w be (-5)/20*(3 - -1) + 3. Calculate the highest common factor of z and w.
1
Let v(g) = g**3 + 5*g**2 + g + 6. Let y be v(-5). Suppose -4*o + 17 = -3*s, 4*s + 0*s - 14 = -2*o. What is the greatest common factor of y and s?
1
Let i(a) = -a**3 - 5*a**2 - 3*a + 5. Suppose -4*w = w + 20. Let r be i(w). Calculate the greatest common factor of 3 and r.
1
Let h(r) = 5*r**2 - r + 2. Let b be h(2). Suppose 0*y + b = 5*y. What is the highest common factor of y and 6?
2
Let y(z) = z**2 + 19*z + 14. Let r be y(-19). What is the greatest common divisor of r and 42?
14
Suppose 4*q - 2 = 5*m, q - 2*q = 4*m - 11. Let w = m + -1. Calculate the highest common divisor of w and 3.
1
Suppose -j + 587 = 4*a + 31, -4*j = a - 124. What is the highest common divisor of 28 and a?
28
Suppose -5*b = 4*x - 259, 4*b + x = 3*x + 202. Suppose b = 2*o + 3*o + k, -16 = 4*k. Let t be (3 + 0)*4 - 1. Calculate the highest common divisor of t and o.
11
Let n(l) = -l**2 - 8*l + 4. Let j be n(-8). Suppose 2*u - 4*k = 172, -j*k = k + 15. What is the greatest common divisor of u and 16?
16
Suppose -i - 9 = -4*i. Calculate the highest common divisor of i and 3.
3
Suppose 3 = -4*a - 5. Let d be a/2 - -16 - 2. Let h = -59 + 124. Calculate the highest common factor of h and d.
13
Let b(k) = 6*k - 7. Let a(t) = -t - 1. Let x(f) = -10*a(f) + 2*b(f). Let q be x(10). What is the highest common divisor of 24 and q?
24
Let m(u) = u**3 + 4*u**2 - 6*u - 4. Let d be m(-4). Let q be ((-56)/d)/(1/(-50)). Let n be (2 + 5)/(3/6). What is the highest common divisor of q and n?
14
Let w = -24 + 19. Let u be (-3 - w) + (1 - -1). What is the highest common divisor of 4 and u?
4
Let h(y) = -y**3 - 5*y**2 + 5*y + 3. Suppose 16 = -3*n - 2. Let k be h(n). What is the greatest common factor of k and 27?
9
Suppose -3*j + 8*j + w = 63, -4*j + w + 45 = 0. Let s be 7*2 + (5 - 1). What is the greatest common factor of j and s?
6
Suppose -2*q - 7 = -1, -190 = -2*g + 2*q. Calculate the highest common divisor of 23 and g.
23
Let y(k) = 2*k**2 + 11*k + 29. Let h be y(-7). Let v = 36 + -26. What is the highest common factor of h and v?
10
Suppose 3*j - 4*p = 0, 15 = 3*j + 5*p - 12. Suppose j*m + 98 = 422. Calculate the highest common divisor of m and 9.
9
Let y(k) = -8*k. Let z(g) = 15*g. Let l(m) = -5*y(m) - 3*z(m). Let f be l(-4). Let h be (-4)/f + 512/10. What is the highest common divisor of h and 34?
17
Suppose -2*x + 10 = 0, -10 = 2*y + x - 5*x. Let h = 6 - y. Let i be 188/3 + h/3. What is the highest common factor of 9 and i?
9
Suppose n = -5*t + 700, t - 71 - 69 = -4*n. What is the highest common factor of 56 and t?
28
Let g(c) = -2*c**3 - 23*c**2 + 9*c - 17. Let i be g(-12). What is the greatest common factor of i and 19?
19
Suppose -215 = -2*a + 225. Let t be a/25*(-5)/(-1). Let w(o) = -o**2 + 8*o - 4. Let f be w(3). Calculate the greatest common factor of t and f.
11
Let h be 34 - (11/(-5) + 12/(-15)). Calculate the greatest common divisor of 148 and h.
37
Let v = 22 - -8. Suppose 6*i - 11*i = -v. What is the greatest common divisor of 54 and i?
6
Let x = 77 + -23. Calculate the greatest common factor of x and 6.
6
Suppose 35 - 222 = -m. What is the greatest common factor of 17 and m?
17
Suppose -3*f = -3*x - x + 526, -f = -x + 131. Calculate the greatest common factor of 19 and x.
19
Let p = -11 + 33. Let b = p - 32. Let w be (-6)/(-4)*b/(-3). What is the highest common divisor of w and 25?
5
Let v(g) = -8*g + 5. Let j(c) = -4*c + 3. Let a(y) = -5*j(y) + 3*v(y). Let q be a(-7). Calculate the greatest common factor of q and 42.
14
Suppose 0 = -4*h - 9 + 153. Suppos